{"id":19,"date":"2014-09-18T23:39:44","date_gmt":"2014-09-18T23:39:44","guid":{"rendered":"https:\/\/teresamarcelino.pt\/copia\/?page_id=19"},"modified":"2020-08-15T10:13:50","modified_gmt":"2020-08-15T10:13:50","slug":"experiencia-profissional-docente","status":"publish","type":"page","link":"https:\/\/teresamarcelino.pt\/copia\/?page_id=19","title":{"rendered":"Experi\u00eancia Profissional"},"content":{"rendered":"<h3>\n\t\t\t\t\tFormadora Inform\u00e1tica<br \/>\n\t\t\t\t<\/h3>\n<p>2013 (16 de Setembro) \u2013 2014 (29 de Mar\u00e7o) 144 Horas de Forma\u00e7\u00e3o Inicial em Inform\u00e1tica na Empresa Megatraining<\/p>\n<h3>\n\t\t\t\t\tDistribuidora<br \/>\n\t\t\t\t<\/h3>\n<p>2017 (07 de Agosto) &#8211; 2018 (07 de Agosto), na empresa Maria da Concei\u00e7\u00e3o &#8211; Sociedade Unipessola, Lda e Correia de Oliveira, Lda<\/p>\n<h3>\n\t\t\t\t\tDesigner\/ T\u00e9cnica de Multim\u00e9dia<br \/>\n\t\t\t\t<\/h3>\n<p>2014 (31 de Dezembro) -2017 (31 de Maio), na empresa Ortomaior<\/p>\n<h3>\n\t\t\t\t\t Gerente de Loja<br \/>\n\t\t\t\t<\/h3>\n<p>2013 (Novembro) \u2013 2014 (Junho), na empresa Bom Peso<\/p>\n<h3>\n\t\t\t\t\tProfessora Inform\u00e1tica (Grupo 550)\/ T\u00e9cnica Especializada<br \/>\n\t\t\t\t<\/h3>\n<p>2019 a 2020:<br \/>\nAgrupamento de Escolas de Almeirim, Almeirim<br \/>10 horas semanais<\/p>\n<p>2019 a 2020:<br \/>\nAgrupamento de Escolas Gil Vicente, Lisboa<br \/>8 horas semanais<\/p>\n<p>2018 a 2019:<br \/>Agrupamento de Escolas de Almeirim, Almeirim<br \/>14 horas semanais<\/p>\n<p>2011 a 2012:<br \/>\nEscola Secund\u00e1ria do Monte de Caparica, Almada<br \/>22 horas semanais<\/p>\n<p>2010 a 2011:<br \/>Escola B\u00e1sica Jo\u00e3o Villaret, Loures<br \/>22 horas semanais<\/p>\n<p>2009 a 2010:<br \/>Escola Secund\u00e1ria S\u00e1 da Bandeira, Santar\u00e9m<br \/>11 horas semanais<\/p>\n<p>2009 a 2010:<br \/>Escola B\u00e1sica Integrada\/ Jardim de Inf\u00e2ncia do Cou\u00e7o, Coruche<br \/>11 horas semanais<\/p>\n<p>2008 a 2009:<br \/>Escola Secund\u00e1ria do Cartaxo, Cartaxo<br \/>10 horas semanais<\/p>\n","protected":false},"excerpt":{"rendered":"<p>Formadora Inform\u00e1tica 2013 (16 de Setembro) \u2013 2014 (29 de Mar\u00e7o) 144 Horas de Forma\u00e7\u00e3o Inicial em Inform\u00e1tica na Empresa Megatraining Distribuidora 2017 (07 de Agosto) &#8211; 2018 (07 de Agosto), na empresa Maria da Concei\u00e7\u00e3o &#8211; Sociedade Unipessola, Lda e Correia de Oliveira, Lda Designer\/ T\u00e9cnica de Multim\u00e9dia 2014&#8230; <a href=\"https:\/\/teresamarcelino.pt\/copia\/?page_id=19\"> Continue reading <span class=\"meta-nav\">&rarr; <\/span><\/a><\/p>\n","protected":false},"author":1,"featured_media":0,"parent":0,"menu_order":0,"comment_status":"closed","ping_status":"closed","template":"","meta":[],"_links":{"self":[{"href":"https:\/\/teresamarcelino.pt\/copia\/index.php?rest_route=\/wp\/v2\/pages\/19"}],"collection":[{"href":"https:\/\/teresamarcelino.pt\/copia\/index.php?rest_route=\/wp\/v2\/pages"}],"about":[{"href":"https:\/\/teresamarcelino.pt\/copia\/index.php?rest_route=\/wp\/v2\/types\/page"}],"author":[{"embeddable":true,"href":"https:\/\/teresamarcelino.pt\/copia\/index.php?rest_route=\/wp\/v2\/users\/1"}],"replies":[{"embeddable":true,"href":"https:\/\/teresamarcelino.pt\/copia\/index.php?rest_route=%2Fwp%2Fv2%2Fcomments&post=19"}],"version-history":[{"count":21,"href":"https:\/\/teresamarcelino.pt\/copia\/index.php?rest_route=\/wp\/v2\/pages\/19\/revisions"}],"predecessor-version":[{"id":227,"href":"https:\/\/teresamarcelino.pt\/copia\/index.php?rest_route=\/wp\/v2\/pages\/19\/revisions\/227"}],"wp:attachment":[{"href":"https:\/\/teresamarcelino.pt\/copia\/index.php?rest_route=%2Fwp%2Fv2%2Fmedia&parent=19"}],"curies":[{"name":"wp","href":"https:\/\/api.w.org\/{rel}","templated":true}]}}

Experiência Profissional

<h3>
					Formadora Informática<br />
				</h3>
<p>2013 (16 de Setembro) – 2014 (29 de Março) 144 Horas de Formação Inicial em Informática na Empresa Megatraining</p>
<h3>
					Distribuidora<br />
				</h3>
<p>2017 (07 de Agosto) &#8211; 2018 (07 de Agosto), na empresa Maria da Conceição &#8211; Sociedade Unipessola, Lda e Correia de Oliveira, Lda</p>
<h3>
					Designer/ Técnica de Multimédia<br />
				</h3>
<p>2014 (31 de Dezembro) -2017 (31 de Maio), na empresa Ortomaior</p>
<h3>
					 Gerente de Loja<br />
				</h3>
<p>2013 (Novembro) – 2014 (Junho), na empresa Bom Peso</p>
<h3>
					Professora Informática (Grupo 550)/ Técnica Especializada<br />
				</h3>
<p>2019 a 2020:<br />
Agrupamento de Escolas de Almeirim, Almeirim<br />10 horas semanais</p>
<p>2019 a 2020:<br />
Agrupamento de Escolas Gil Vicente, Lisboa<br />8 horas semanais</p>
<p>2018 a 2019:<br />Agrupamento de Escolas de Almeirim, Almeirim<br />14 horas semanais</p>
<p>2011 a 2012:<br />
Escola Secundária do Monte de Caparica, Almada<br />22 horas semanais</p>
<p>2010 a 2011:<br />Escola Básica João Villaret, Loures<br />22 horas semanais</p>
<p>2009 a 2010:<br />Escola Secundária Sá da Bandeira, Santarém<br />11 horas semanais</p>
<p>2009 a 2010:<br />Escola Básica Integrada/ Jardim de Infância do Couço, Coruche<br />11 horas semanais</p>
<p>2008 a 2009:<br />Escola Secundária do Cartaxo, Cartaxo<br />10 horas semanais</p>

<p>Formadora Informática 2013 (16 de Setembro) – 2014 (29 de Março) 144 Horas de Formação Inicial em Informática na Empresa Megatraining Distribuidora 2017 (07 de Agosto) &#8211; 2018 (07 de Agosto), na empresa Maria da Conceição &#8211; Sociedade Unipessola, Lda e Correia de Oliveira, Lda Designer/ Técnica de Multimédia 2014&#8230; <a href="https://teresamarcelino.pt/copia/?page_id=19"> Continue reading <span class="meta-nav">&rarr; </span></a></p>
