{"id":88,"date":"2014-09-19T10:54:56","date_gmt":"2014-09-19T10:54:56","guid":{"rendered":"https:\/\/teresamarcelino.pt\/site\/?page_id=88"},"modified":"2025-11-02T10:05:05","modified_gmt":"2025-11-02T10:05:05","slug":"academica","status":"publish","type":"page","link":"https:\/\/teresamarcelino.pt\/site\/?page_id=88","title":{"rendered":"Acad\u00e9mica"},"content":{"rendered":"<p>&nbsp;<\/p>\n<p>De 2008 a 2011 &#8211;\u00a0<strong>Mestrado em Educa\u00e7\u00e3o e Comunica\u00e7\u00e3o Multim\u00e9dia<\/strong><\/p>\n<p><a href=\"https:\/\/teresamarcelino.pt\/site\/wp-content\/uploads\/2014\/09\/mestrado-001.jpg\"><img fetchpriority=\"high\" decoding=\"async\" class=\"alignnone size-medium wp-image-153\" src=\"https:\/\/teresamarcelino.pt\/site\/wp-content\/uploads\/2014\/09\/mestrado-001-218x300.jpg\" alt=\"mestrado 001\" width=\"218\" height=\"300\" srcset=\"https:\/\/teresamarcelino.pt\/site\/wp-content\/uploads\/2014\/09\/mestrado-001-218x300.jpg 218w, https:\/\/teresamarcelino.pt\/site\/wp-content\/uploads\/2014\/09\/mestrado-001-744x1024.jpg 744w, https:\/\/teresamarcelino.pt\/site\/wp-content\/uploads\/2014\/09\/mestrado-001-109x150.jpg 109w, https:\/\/teresamarcelino.pt\/site\/wp-content\/uploads\/2014\/09\/mestrado-001.jpg 1700w\" sizes=\"(max-width: 218px) 100vw, 218px\" \/><\/a><a href=\"https:\/\/teresamarcelino.pt\/site\/wp-content\/uploads\/2014\/09\/diploma.jpg\"><img decoding=\"async\" class=\"alignnone size-medium wp-image-155\" src=\"https:\/\/teresamarcelino.pt\/site\/wp-content\/uploads\/2014\/09\/diploma-216x300.jpg\" alt=\"diploma\" width=\"216\" height=\"300\" srcset=\"https:\/\/teresamarcelino.pt\/site\/wp-content\/uploads\/2014\/09\/diploma-216x300.jpg 216w, https:\/\/teresamarcelino.pt\/site\/wp-content\/uploads\/2014\/09\/diploma-738x1024.jpg 738w, https:\/\/teresamarcelino.pt\/site\/wp-content\/uploads\/2014\/09\/diploma-108x150.jpg 108w\" sizes=\"(max-width: 216px) 100vw, 216px\" \/><\/a><\/p>\n<p>De 2005 a 2008 &#8211;\u00a0<strong>Licenciatura em Educa\u00e7\u00e3o e Comunica\u00e7\u00e3o Multim\u00e9dia<\/strong><\/p>\n<p><a href=\"https:\/\/teresamarcelino.pt\/site\/wp-content\/uploads\/2014\/09\/certificado_habilita\u00e7\u00f5es_det_frente.jpg\"><img decoding=\"async\" class=\"alignnone size-medium wp-image-45\" src=\"https:\/\/teresamarcelino.pt\/site\/wp-content\/uploads\/2014\/09\/certificado_habilita\u00e7\u00f5es_det_frente-216x300.jpg\" alt=\"certificado_habilita\u00e7\u00f5es_det_frente\" width=\"216\" height=\"300\" srcset=\"https:\/\/teresamarcelino.pt\/site\/wp-content\/uploads\/2014\/09\/certificado_habilita\u00e7\u00f5es_det_frente-216x300.jpg 216w, https:\/\/teresamarcelino.pt\/site\/wp-content\/uploads\/2014\/09\/certificado_habilita\u00e7\u00f5es_det_frente-738x1024.jpg 738w\" sizes=\"(max-width: 216px) 100vw, 216px\" \/><\/a><a href=\"https:\/\/teresamarcelino.pt\/site\/wp-content\/uploads\/2014\/09\/certificado_habilita\u00e7\u00f5es_det_verso.jpg\"><img loading=\"lazy\" decoding=\"async\" class=\"alignnone size-medium wp-image-46\" src=\"https:\/\/teresamarcelino.pt\/site\/wp-content\/uploads\/2014\/09\/certificado_habilita\u00e7\u00f5es_det_verso-216x300.jpg\" alt=\"certificado_habilita\u00e7\u00f5es_det_verso\" width=\"216\" height=\"300\" srcset=\"https:\/\/teresamarcelino.pt\/site\/wp-content\/uploads\/2014\/09\/certificado_habilita\u00e7\u00f5es_det_verso-216x300.jpg 216w, https:\/\/teresamarcelino.pt\/site\/wp-content\/uploads\/2014\/09\/certificado_habilita\u00e7\u00f5es_det_verso-738x1024.jpg 738w\" sizes=\"(max-width: 216px) 100vw, 216px\" \/><\/a><\/p>\n","protected":false},"excerpt":{"rendered":"<p>&nbsp; De 2008 a 2011 &#8211;\u00a0Mestrado em Educa\u00e7\u00e3o e Comunica\u00e7\u00e3o Multim\u00e9dia De 2005 a 2008 &#8211;\u00a0Licenciatura em Educa\u00e7\u00e3o e Comunica\u00e7\u00e3o Multim\u00e9dia<\/p>\n","protected":false},"author":1,"featured_media":0,"parent":0,"menu_order":0,"comment_status":"closed","ping_status":"open","template":"","meta":{"footnotes":""},"class_list":["post-88","page","type-page","status-publish","hentry"],"_links":{"self":[{"href":"https:\/\/teresamarcelino.pt\/site\/index.php?rest_route=\/wp\/v2\/pages\/88","targetHints":{"allow":["GET"]}}],"collection":[{"href":"https:\/\/teresamarcelino.pt\/site\/index.php?rest_route=\/wp\/v2\/pages"}],"about":[{"href":"https:\/\/teresamarcelino.pt\/site\/index.php?rest_route=\/wp\/v2\/types\/page"}],"author":[{"embeddable":true,"href":"https:\/\/teresamarcelino.pt\/site\/index.php?rest_route=\/wp\/v2\/users\/1"}],"replies":[{"embeddable":true,"href":"https:\/\/teresamarcelino.pt\/site\/index.php?rest_route=%2Fwp%2Fv2%2Fcomments&post=88"}],"version-history":[{"count":6,"href":"https:\/\/teresamarcelino.pt\/site\/index.php?rest_route=\/wp\/v2\/pages\/88\/revisions"}],"predecessor-version":[{"id":156,"href":"https:\/\/teresamarcelino.pt\/site\/index.php?rest_route=\/wp\/v2\/pages\/88\/revisions\/156"}],"wp:attachment":[{"href":"https:\/\/teresamarcelino.pt\/site\/index.php?rest_route=%2Fwp%2Fv2%2Fmedia&parent=88"}],"curies":[{"name":"wp","href":"https:\/\/api.w.org\/{rel}","templated":true}]}}

Académica

<p>&nbsp;</p>
<p>De 2008 a 2011 &#8211; <strong>Mestrado em Educação e Comunicação Multimédia</strong></p>
<p><a href="https://teresamarcelino.pt/site/wp-content/uploads/2014/09/mestrado-001.jpg"><img fetchpriority="high" decoding="async" class="alignnone size-medium wp-image-153" src="https://teresamarcelino.pt/site/wp-content/uploads/2014/09/mestrado-001-218x300.jpg" alt="mestrado 001" width="218" height="300" srcset="https://teresamarcelino.pt/site/wp-content/uploads/2014/09/mestrado-001-218x300.jpg 218w, https://teresamarcelino.pt/site/wp-content/uploads/2014/09/mestrado-001-744x1024.jpg 744w, https://teresamarcelino.pt/site/wp-content/uploads/2014/09/mestrado-001-109x150.jpg 109w, https://teresamarcelino.pt/site/wp-content/uploads/2014/09/mestrado-001.jpg 1700w" sizes="(max-width: 218px) 100vw, 218px" /></a><a href="https://teresamarcelino.pt/site/wp-content/uploads/2014/09/diploma.jpg"><img decoding="async" class="alignnone size-medium wp-image-155" src="https://teresamarcelino.pt/site/wp-content/uploads/2014/09/diploma-216x300.jpg" alt="diploma" width="216" height="300" srcset="https://teresamarcelino.pt/site/wp-content/uploads/2014/09/diploma-216x300.jpg 216w, https://teresamarcelino.pt/site/wp-content/uploads/2014/09/diploma-738x1024.jpg 738w, https://teresamarcelino.pt/site/wp-content/uploads/2014/09/diploma-108x150.jpg 108w" sizes="(max-width: 216px) 100vw, 216px" /></a></p>
<p>De 2005 a 2008 &#8211; <strong>Licenciatura em Educação e Comunicação Multimédia</strong></p>
<p><a href="https://teresamarcelino.pt/site/wp-content/uploads/2014/09/certificado_habilitações_det_frente.jpg"><img decoding="async" class="alignnone size-medium wp-image-45" src="https://teresamarcelino.pt/site/wp-content/uploads/2014/09/certificado_habilitações_det_frente-216x300.jpg" alt="certificado_habilitações_det_frente" width="216" height="300" srcset="https://teresamarcelino.pt/site/wp-content/uploads/2014/09/certificado_habilitações_det_frente-216x300.jpg 216w, https://teresamarcelino.pt/site/wp-content/uploads/2014/09/certificado_habilitações_det_frente-738x1024.jpg 738w" sizes="(max-width: 216px) 100vw, 216px" /></a><a href="https://teresamarcelino.pt/site/wp-content/uploads/2014/09/certificado_habilitações_det_verso.jpg"><img loading="lazy" decoding="async" class="alignnone size-medium wp-image-46" src="https://teresamarcelino.pt/site/wp-content/uploads/2014/09/certificado_habilitações_det_verso-216x300.jpg" alt="certificado_habilitações_det_verso" width="216" height="300" srcset="https://teresamarcelino.pt/site/wp-content/uploads/2014/09/certificado_habilitações_det_verso-216x300.jpg 216w, https://teresamarcelino.pt/site/wp-content/uploads/2014/09/certificado_habilitações_det_verso-738x1024.jpg 738w" sizes="(max-width: 216px) 100vw, 216px" /></a></p>

<p>&nbsp; De 2008 a 2011 &#8211; Mestrado em Educação e Comunicação Multimédia De 2005 a 2008 &#8211; Licenciatura em Educação e Comunicação Multimédia</p>
